{"id":84,"date":"2016-03-21T09:43:12","date_gmt":"2016-03-21T08:43:12","guid":{"rendered":"http:\/\/severa.ch\/wordpress\/?page_id=84"},"modified":"2023-04-22T00:10:51","modified_gmt":"2023-04-21T22:10:51","slug":"computer","status":"publish","type":"page","link":"https:\/\/severa.ch\/wordpress\/computer\/","title":{"rendered":"Beratung"},"content":{"rendered":"\n<div class=\"wp-block-columns alignfull is-layout-flex wp-container-core-columns-is-layout-13c68ad4 wp-block-columns-is-layout-flex\" style=\"padding-top:15px;padding-right:15px;padding-bottom:15px;padding-left:15px\">\n<div class=\"wp-block-column is-layout-flow wp-block-column-is-layout-flow\">\n<h6 class=\"wp-block-heading\">Beratung<\/h6>\n\n\n\n<figure class=\"wp-block-image size-full\"><img loading=\"lazy\" decoding=\"async\" width=\"479\" height=\"340\" src=\"https:\/\/severa.ch\/wordpress\/wp-content\/uploads\/2023\/03\/girl-1064658__340.jpg\" alt=\"\" class=\"wp-image-551\" srcset=\"https:\/\/severa.ch\/wordpress\/wp-content\/uploads\/2023\/03\/girl-1064658__340.jpg 479w, https:\/\/severa.ch\/wordpress\/wp-content\/uploads\/2023\/03\/girl-1064658__340-300x213.jpg 300w\" sizes=\"auto, (max-width: 479px) 100vw, 479px\" \/><\/figure>\n<\/div>\n\n\n\n<div class=\"wp-block-column is-layout-flow wp-block-column-is-layout-flow\">\n<div style=\"height:50px\" aria-hidden=\"true\" class=\"wp-block-spacer\"><\/div>\n\n\n\n<p>Wir beraten dich gerne bei der Beschaffung eines neuen Computers. Wir helfen dir die richtige L\u00f6sung zu finden und aus dem grossen Angebot auf dem Markt die passenden Produkte auszuw\u00e4hlen.<\/p>\n\n\n\n<p>Du kannst die gew\u00e4hlten Produkte selbst bestellen oder wir k\u00f6nnen es f\u00fcr dich tun.<\/p>\n\n\n\n<p>Wir richten deinen neuen Computer f\u00fcr dich ein und \u00fcbernehmen die Daten vom alten Computer.<\/p>\n\n\n\n<p>Wir richten f\u00fcr dich deine eigene Internet-Dom\u00e4ne und E-Mail-Adressen ein.<\/p>\n\n\n\n<p>Du kannst sie selbst verwalten oder es uns \u00fcberlassen.<\/p>\n\n\n\n<p>Auch deinen Webauftritt kannst du selbst gestalten und aktuell halten. Oder wir helfen Dir dabei.<\/p>\n<\/div>\n<\/div>\n\n\n\n<div style=\"height:56px\" aria-hidden=\"true\" class=\"wp-block-spacer\"><\/div>\n","protected":false},"excerpt":{"rendered":"<p>Beratung Wir beraten dich gerne bei der Beschaffung eines neuen Computers. Wir helfen dir die richtige L\u00f6sung zu finden und aus dem grossen Angebot auf dem Markt die passenden Produkte auszuw\u00e4hlen. Du kannst die gew\u00e4hlten Produkte selbst bestellen oder wir k\u00f6nnen es f\u00fcr dich tun. Wir richten deinen neuen Computer f\u00fcr dich ein und \u00fcbernehmen [&hellip;]<\/p>\n","protected":false},"author":1,"featured_media":0,"parent":0,"menu_order":0,"comment_status":"closed","ping_status":"closed","template":"","meta":{"footnotes":""},"class_list":["post-84","page","type-page","status-publish","hentry"],"_links":{"self":[{"href":"https:\/\/severa.ch\/wordpress\/wp-json\/wp\/v2\/pages\/84","targetHints":{"allow":["GET"]}}],"collection":[{"href":"https:\/\/severa.ch\/wordpress\/wp-json\/wp\/v2\/pages"}],"about":[{"href":"https:\/\/severa.ch\/wordpress\/wp-json\/wp\/v2\/types\/page"}],"author":[{"embeddable":true,"href":"https:\/\/severa.ch\/wordpress\/wp-json\/wp\/v2\/users\/1"}],"replies":[{"embeddable":true,"href":"https:\/\/severa.ch\/wordpress\/wp-json\/wp\/v2\/comments?post=84"}],"version-history":[{"count":35,"href":"https:\/\/severa.ch\/wordpress\/wp-json\/wp\/v2\/pages\/84\/revisions"}],"predecessor-version":[{"id":800,"href":"https:\/\/severa.ch\/wordpress\/wp-json\/wp\/v2\/pages\/84\/revisions\/800"}],"wp:attachment":[{"href":"https:\/\/severa.ch\/wordpress\/wp-json\/wp\/v2\/media?parent=84"}],"curies":[{"name":"wp","href":"https:\/\/api.w.org\/{rel}","templated":true}]}}